{"id":56,"date":"2026-03-25T19:03:36","date_gmt":"2026-03-25T19:03:36","guid":{"rendered":"https:\/\/evasionstudio.com\/?page_id=56"},"modified":"2026-03-25T19:03:36","modified_gmt":"2026-03-25T19:03:36","slug":"politique-de-cookies","status":"publish","type":"page","link":"https:\/\/evasionstudio.com\/?page_id=56","title":{"rendered":"Politique de cookies"},"content":{"rendered":"\n<p><strong>1) Texte de banni\u00e8re cookies<\/strong><\/p>\n\n\n\n<p><strong>Nous utilisons des cookies pour assurer le bon fonctionnement du site, mesurer son audience et, le cas \u00e9ch\u00e9ant, am\u00e9liorer votre exp\u00e9rience. Vous pouvez accepter, refuser ou personnaliser vos choix \u00e0 tout moment. Pour en savoir plus, consultez notre Politique de cookies.<\/strong><\/p>\n\n\n\n<hr class=\"wp-block-separator has-alpha-channel-opacity\"\/>\n\n\n\n<p><strong>2) Politique de cookies<\/strong><\/p>\n\n\n\n<ol class=\"wp-block-list\">\n<li><strong>Politique de cookies<\/strong><\/li>\n<\/ol>\n\n\n\n<p><strong>1. Qu\u2019est-ce qu\u2019un cookie ?<\/strong><\/p>\n\n\n\n<p>Un cookie est un petit fichier d\u00e9pos\u00e9 sur votre terminal lors de la consultation d\u2019un site internet. Il permet notamment de m\u00e9moriser des informations relatives \u00e0 votre navigation ou \u00e0 vos pr\u00e9f\u00e9rences.<\/p>\n\n\n\n<p><strong>2. Quels cookies utilisons-nous ?<\/strong><\/p>\n\n\n\n<p>Le site Evasion Studio peut utiliser les cat\u00e9gories de cookies suivantes :<\/p>\n\n\n\n<p><strong>Cookies strictement n\u00e9cessaires<\/strong><br>Ces cookies sont indispensables au fonctionnement du site et ne n\u00e9cessitent pas de consentement pr\u00e9alable. Ils permettent par exemple l\u2019affichage correct des pages, la s\u00e9curisation du site ou la m\u00e9morisation de certains choix techniques.<\/p>\n\n\n\n<p><strong>Cookies de mesure d\u2019audience<\/strong><br>Ces cookies permettent de mesurer la fr\u00e9quentation du site, d\u2019analyser l\u2019utilisation des pages et d\u2019am\u00e9liorer les performances du site.<\/p>\n\n\n\n<p><strong>Cookies de contenu externe ou marketing<\/strong><br>Si le site int\u00e8gre des contenus provenant de services tiers ou utilise des outils publicitaires, certains cookies peuvent \u00eatre d\u00e9pos\u00e9s afin de permettre l\u2019affichage de ces contenus ou le suivi de navigation.<\/p>\n\n\n\n<p><strong>3. Consentement<\/strong><\/p>\n\n\n\n<p>Lorsqu\u2019ils ne sont pas strictement n\u00e9cessaires au fonctionnement du site, les cookies ne sont d\u00e9pos\u00e9s qu\u2019apr\u00e8s obtention de votre consentement.<\/p>\n\n\n\n<p>Vous pouvez \u00e0 tout moment :<\/p>\n\n\n\n<ul class=\"wp-block-list\">\n<li>accepter les cookies,<\/li>\n\n\n\n<li>les refuser,<\/li>\n\n\n\n<li>modifier vos pr\u00e9f\u00e9rences.<\/li>\n<\/ul>\n\n\n\n<p><strong>4. Dur\u00e9e de conservation<\/strong><\/p>\n\n\n\n<p>Les cookies sont conserv\u00e9s pour une dur\u00e9e limit\u00e9e conform\u00e9ment \u00e0 la r\u00e9glementation applicable et aux param\u00e9trages retenus sur le site.<\/p>\n\n\n\n<p><strong>5. Gestion des cookies<\/strong><\/p>\n\n\n\n<p>Vous pouvez g\u00e9rer vos pr\u00e9f\u00e9rences :<\/p>\n\n\n\n<ul class=\"wp-block-list\">\n<li>via le bandeau cookies affich\u00e9 lors de votre premi\u00e8re visite,<\/li>\n\n\n\n<li>\u00e0 tout moment via le lien&nbsp;<strong>\u201cG\u00e9rer mes cookies\u201d<\/strong>&nbsp;pr\u00e9sent en bas de page,<\/li>\n\n\n\n<li>ou via les param\u00e8tres de votre navigateur.<\/li>\n<\/ul>\n\n\n\n<p><strong>6. Contact<\/strong><\/p>\n\n\n\n<p>Pour toute question relative \u00e0 l\u2019utilisation des cookies sur ce site, vous pouvez nous contacter \u00e0 l\u2019adresse suivante :<br><strong>evasion.studio974@gmail.com<\/strong><\/p>\n","protected":false},"excerpt":{"rendered":"<p>1) Texte de banni\u00e8re cookies Nous utilisons des cookies pour assurer le bon fonctionnement du site, mesurer son audience et, le cas \u00e9ch\u00e9ant, am\u00e9liorer votre exp\u00e9rience. Vous pouvez accepter, refuser ou personnaliser vos choix \u00e0 tout moment. Pour en savoir plus, consultez notre Politique de cookies. 2) Politique de cookies 1. Qu\u2019est-ce qu\u2019un cookie ? [&hellip;]<\/p>\n","protected":false},"author":1,"featured_media":0,"parent":0,"menu_order":0,"comment_status":"closed","ping_status":"closed","template":"","meta":{"footnotes":""},"class_list":["post-56","page","type-page","status-publish","hentry"],"jetpack_sharing_enabled":true,"_links":{"self":[{"href":"https:\/\/evasionstudio.com\/index.php?rest_route=\/wp\/v2\/pages\/56","targetHints":{"allow":["GET"]}}],"collection":[{"href":"https:\/\/evasionstudio.com\/index.php?rest_route=\/wp\/v2\/pages"}],"about":[{"href":"https:\/\/evasionstudio.com\/index.php?rest_route=\/wp\/v2\/types\/page"}],"author":[{"embeddable":true,"href":"https:\/\/evasionstudio.com\/index.php?rest_route=\/wp\/v2\/users\/1"}],"replies":[{"embeddable":true,"href":"https:\/\/evasionstudio.com\/index.php?rest_route=%2Fwp%2Fv2%2Fcomments&post=56"}],"version-history":[{"count":4,"href":"https:\/\/evasionstudio.com\/index.php?rest_route=\/wp\/v2\/pages\/56\/revisions"}],"predecessor-version":[{"id":64,"href":"https:\/\/evasionstudio.com\/index.php?rest_route=\/wp\/v2\/pages\/56\/revisions\/64"}],"wp:attachment":[{"href":"https:\/\/evasionstudio.com\/index.php?rest_route=%2Fwp%2Fv2%2Fmedia&parent=56"}],"curies":[{"name":"wp","href":"https:\/\/api.w.org\/{rel}","templated":true}]}}