{"id":208,"date":"2026-03-26T10:20:29","date_gmt":"2026-03-26T10:20:29","guid":{"rendered":"https:\/\/evasionstudio.com\/?post_type=product&#038;p=208"},"modified":"2026-03-30T19:06:19","modified_gmt":"2026-03-30T19:06:19","slug":"anniversaire-evjf","status":"publish","type":"product","link":"https:\/\/evasionstudio.com\/?product=anniversaire-evjf","title":{"rendered":"Anniversaire\/EVJF\/ Privatisation"},"content":{"rendered":"<p style=\"font-weight: 400;\"><strong>Anniversaire adultes\/enfants \u2013 EVJF<\/strong><\/p>\n<p style=\"font-weight: 400;\">Envie d\u2019un moment unique \u00e0 partager ?<br \/>\nEvasion Studio vous propose une formule \u00e9v\u00e9nementielle conviviale et originale autour d\u2019un\u00a0<strong>stage d\u00e9couverte \u00e0 la barre<\/strong>, id\u00e9ale pour c\u00e9l\u00e9brer un anniversaire ou organiser un EVJF.<\/p>\n<p style=\"font-weight: 400;\"><strong>La formule comprend<\/strong><\/p>\n<ul style=\"font-weight: 400;\">\n<li><strong>Initiation technique<\/strong><\/li>\n<li><strong>Encha\u00eenement chor\u00e9graphique<\/strong><\/li>\n<li><strong>Photos souvenirs<\/strong><\/li>\n<\/ul>\n<p style=\"font-weight: 400;\"><strong>Conditions<\/strong><\/p>\n<ul style=\"font-weight: 400;\">\n<li><strong>Tarif : 25 \u20ac par personne<\/strong><\/li>\n<li><strong>Minimum : 7 personnes<\/strong><\/li>\n<li><strong>Anniversaire enfant : \u00e0 partir de 6 ans<\/strong><\/li>\n<li>Prestation sur r\u00e9servation<\/li>\n<li>Possibilit\u00e9 de formule sur devis selon vos besoins<\/li>\n<\/ul>\n<p style=\"font-weight: 400;\"><strong>Informations compl\u00e9mentaires<\/strong><\/p>\n<p style=\"font-weight: 400;\">Cr\u00e9neaux propos\u00e9s :<br \/>\n&#8211; journ\u00e9e du lundi au vendredi<br \/>\n&#8211; samedi apr\u00e8s-midi<br \/>\n&#8211; dimanche<\/p>\n<p data-start=\"2415\" data-end=\"2579\"><em><strong>La commande de cette prestation vaut demande de r\u00e9servation et non confirmation ferme et d\u00e9finitive. La r\u00e9servation ne devient effective qu\u2019apr\u00e8s validation expresse par Evasion Studio Une fois votre demande envoy\u00e9e, nous revenons vers vous pour valider la disponibilit\u00e9 et finaliser l\u2019organisation de votre \u00e9v\u00e9nement. Un acompte sera demand\u00e9 pour valider la r\u00e9servation.<\/strong><\/em><\/p>\n","protected":false},"excerpt":{"rendered":"<p style=\"font-weight: 400;\">Offrez un moment original et inoubliable avec une formule \u00e9v\u00e9nementielle Evasion Studio : anniversaire adultes\/enfants ou EVJF, avec initiation technique, encha\u00eenement chor\u00e9graphique et photos souvenirs. Tarif :\u00a0<strong>25 \u20ac par personne<\/strong>, avec un\u00a0<strong>minimum de 7 participant(e)s<\/strong>.<\/p>\n<p style=\"font-weight: 400; text-align: center;\"><em><strong data-start=\"2415\" data-end=\"2579\">Merci d\u2019indiquer la date souhait\u00e9e et le type d\u2019\u00e9v\u00e9nement dans les notes de commande. La r\u00e9servation sera confirm\u00e9e par Evasion Studio selon les disponibilit\u00e9s.<\/strong><\/em><\/p>\n","protected":false},"featured_media":217,"comment_status":"open","ping_status":"closed","template":"","meta":[],"product_brand":[],"product_cat":[21],"product_tag":[],"class_list":{"0":"post-208","1":"product","2":"type-product","3":"status-publish","4":"has-post-thumbnail","6":"product_cat-event","8":"first","9":"instock","10":"taxable","11":"shipping-taxable","12":"purchasable","13":"product-type-variable"},"jetpack_sharing_enabled":true,"_links":{"self":[{"href":"https:\/\/evasionstudio.com\/index.php?rest_route=\/wp\/v2\/product\/208","targetHints":{"allow":["GET"]}}],"collection":[{"href":"https:\/\/evasionstudio.com\/index.php?rest_route=\/wp\/v2\/product"}],"about":[{"href":"https:\/\/evasionstudio.com\/index.php?rest_route=\/wp\/v2\/types\/product"}],"replies":[{"embeddable":true,"href":"https:\/\/evasionstudio.com\/index.php?rest_route=%2Fwp%2Fv2%2Fcomments&post=208"}],"wp:featuredmedia":[{"embeddable":true,"href":"https:\/\/evasionstudio.com\/index.php?rest_route=\/wp\/v2\/media\/217"}],"wp:attachment":[{"href":"https:\/\/evasionstudio.com\/index.php?rest_route=%2Fwp%2Fv2%2Fmedia&parent=208"}],"wp:term":[{"taxonomy":"product_brand","embeddable":true,"href":"https:\/\/evasionstudio.com\/index.php?rest_route=%2Fwp%2Fv2%2Fproduct_brand&post=208"},{"taxonomy":"product_cat","embeddable":true,"href":"https:\/\/evasionstudio.com\/index.php?rest_route=%2Fwp%2Fv2%2Fproduct_cat&post=208"},{"taxonomy":"product_tag","embeddable":true,"href":"https:\/\/evasionstudio.com\/index.php?rest_route=%2Fwp%2Fv2%2Fproduct_tag&post=208"}],"curies":[{"name":"wp","href":"https:\/\/api.w.org\/{rel}","templated":true}]}}